- 19*t**2 + 17*t - 5. Let o = -14 + 11. Let x = o - 1. Let d(g) = 3*g**3 + 10*g**2 - 9*g + 2. Let l(j) = x*i(j) - 7*d(j). Calculate l(5).
6
Let h(a) = 0*a + 2 + a**2 - 3 + 0*a + a. Let f(j) be the first derivative of -j**3/3 - 23*j**2/2 + 76*j - 31. Let c be f(-26). Calculate h(c).
1
Let q(p) = -109*p + 438. Let w be q(4). Let b(i) be the second derivative of 1/2*i**4 + 7/6*i**3 + 0 + 1/20*i**5 + 40*i + i**w. Calculate b(-5).
-8
Let f(n) be the second derivative of n**3/6 - 4*n**2 + 369*n. Calculate f(7).
-1
Let s(y) = -3*y**3 - y**2 - 22*y - 14. Let q(k) = -2*k**3 - 14*k - 9. Let g(h) = 8*q(h) - 5*s(h). Let m = 42 - 38. Calculate g(m).
6
Let w = 34 + -30. Let r(f) = -10 - 5*f**2 + 4*f**2 + 8*f + w*f - 2*f. Let x(p) = -p**3 + 8*p**2 + 19*p + 17. Let j be x(10). What is r(j)?
11
Let k(a) = -a**2 - 6*a - 5. Let s be 16 + 6 - (5 + 2). Let u(v) = -12*v + 174. Let r be u(s). Calculate k(r).
-5
Suppose 2*i + i = -24. Let h(d) be the first derivative of -d**3/3 - 4*d**2 + 9*d + 64. What is h(i)?
9
Let k(v) be the first derivative of 92 - 1/4*v**4 - 11/3*v**3 - 6*v - 11/2*v**2. What is k(-10)?
4
Let f(o) = 2*o + 1. Suppose -4*r + 32 = -4. Let k be 0 + -2 + -3 + 11. Suppose 7*d - r*d - k = 0. What is f(d)?
-5
Let a be ((-65)/(-2 - 11))/((-10)/(-4)). Let i(c) = 279*c**2 + 4*c + 272*c**a - 1 - 550*c**2. Let q be (-2)/3 - (-13)/(-3). What is i(q)?
4
Let z(s) = 30*s**2 - 77*s + 12. Let c(r) = 8*r**2 - 13*r + 1. Let t(p) = 6*c(p) - z(p). What is t(-2)?
68
Let v(t) = -t**2 + 5. Let q be v(0). Let s(b) = b**2 + 90*b + 350. Let p be s(-86). Let w(y) = p - y + q*y + 11 - 9. Determine w(-6).
-16
Let b be (114/(-30) + 1)*((-153)/63 - -1). Let a(n) = 2*n + 16. Calculate a(b).
24
Suppose 3*u - 3*g - 1 = 7*u, 4*u - 48 = 4*g. Let d(f) = f**2 - 2*f - 12. Calculate d(u).
3
Let c(n) = -7*n**2 + 4*n + 2. Let g be (-16)/(-8) - (-2 - 2*(-12)/8). What is c(g)?
-1
Let j(q) be the third derivative of -61*q**4/24 - 497*q**3/6 + q**2 + 88*q + 21. Determine j(-8).
-9
Suppose 198 = -2*w + 8*w. Let c be 1/(((-1)/3)/((-44)/w)). Let b(o) = -c - 2 - 6*o + 4*o. Calculate b(-6).
6
Let y = 1703 - 1675. Let o(t) = t**3 - 29*t**2 + 26*t + 36. Determine o(y).
-20
Suppose 0 = 4*l + 20, l = -1406*x + 1405*x - 7. Let r(w) = -29*w**2 - 4*w - 6. Determine r(x).
-114
Let h(g) be the first derivative of 12*g + 64 - 1/3*g**3 - 3*g**2. Give h(-9).
-15
Let s(j) be the second derivative of -j**4/2 - j**3/6 + j**2 - 5*j + 125. What is s(2)?
-24
Suppose 2*l - 11 = -2*p + 9, 5*p + 10 = 0. Suppose -9*i = -5*i - l. Let x(g) = 6*g**2 + 27*g**3 - 13*g**3 - 10*g - 10 - 13*g**i. What is x(-7)?
11
Let m = -13 - 24. Let w = m + 43. Suppose 20 - w = -o + 4*z, 0 = -5*z + 25. Let s(d) = -d**2 + 4*d - 2. Give s(o).
-14
Let d = -229 - -231. Let o(q) = 2222*q**2 - 2258*q**d - q + 2*q + 1. Calculate o(-1).
-36
Let l(u) = -u**3 - 37*u**2 - 37*u - 36. Let y be l(-36). Suppose y = -3*r + 3*m - 7*m + 3, -5*r = m - 22. Let s(o) = o**2 - 4*o + 5. Give s(r).
10
Let z(b) = -6*b - 8. Suppose 0 = 71*g - 70*g. Let f be z(g). Let m(y) = y - 7. Calculate m(f).
-15
Let h(o) = -2*o**3 + 27*o**2 + 78*o + 36. Let b be h(16). Let f(x) be the first derivative of 10/3*x**3 + 4*x - 6 - 1/4*x**b + 0*x**2. What is f(10)?
4
Let r(a) = -a**3 + 5*a**2 - 2*a + 3. Suppose 2*f - 4*f + 4*d = -48, -84 = -4*f - 4*d. Suppose -3*y - 4 + f = 0. Determine r(y).
-45
Let q be (-9 - -11)*(-1)/(-22) + (-10)/(-11). Let f(v) = -3*v + 31. Calculate f(q).
28
Let y(t) = -t + 7. Let i be 18 + -21 - 3/(3/(-343)). Let g = i + -345. Calculate y(g).
12
Let z(y) be the second derivative of y**6/120 + y**5/15 - y**4/8 + 7*y**3/6 + 43*y**2/2 - 28*y. Let n(t) be the first derivative of z(t). What is n(-5)?
-3
Let z(h) = 15*h**2 - 9*h - 5839967 + 5839949 - h**3 - 7*h. Calculate z(14).
-46
Let d(c) = c**2 + c - 2*c**2 + 5 - 4. Let m(l) = 13*l - 21. Let t(f) = 296*f - 484. Let x(n) = -136*m(n) + 6*t(n). Let p be x(6). Calculate d(p).
1
Let l(k) = 5*k**2 + 7*k - 6. Let r be (5 - 6)/((-2)/(-2) + -2). What is l(r)?
6
Let i(d) = d**3 - 2*d**2 - 2*d - 7. Let g be (-1912)/(-717) - (1 - 8/6). Determine i(g).
-4
Let i(g) = 2*g**3 - 3*g**2 + 2*g - 3. Let b be i(2). Suppose -4*v + 3*d = -7*v + 33, 5*d = 20. Let w(s) = 0 - 8 - 2*s + 4 + 0 + v. Calculate w(b).
-7
Let u be 0 + 11 - (1 + -5). Let y be (84/18)/((-5)/u*2). Let v(s) = 3*s - 4. Calculate v(y).
-25
Let x(o) = 3*o**2 - o + 1. Let p be x(2). Let v(h) = h**2 - 22*h + 316. Let l(c) = -2*c + 73. Let r(n) = 4*l(n) - v(n). Calculate r(p).
9
Let q(s) = 40*s + 25. Let v(n) = 32*n + 21. Let h(a) = -5*q(a) + 6*v(a). Give h(-2).
17
Let h(o) = -15*o**3 - o**2 + 2*o - 1. Let a = -17 - 80. Let q = -96 - a. What is h(q)?
-15
Let j(b) = -9*b**2 - 14*b - 14. Let s(i) = 17*i**2 + 27*i + 26. Let o(g) = -11*j(g) - 6*s(g). Let z be o(-2). Let q(f) = 4*f + 2. Calculate q(z).
10
Let l(p) = -p**3 + 3*p**2 - 3*p + 5. Suppose 745*o - 743*o - 6 = 0. Suppose 5*v = -3*x + 11, -o - 2 = -2*x - v. Give l(x).
3
Let c = 23350 - 23346. Let j(s) = 49*s - 220. Determine j(c).
-24
Let c(o) = 18*o + 31. Let y(s) = -72*s - 128. Let t(r) = 11*c(r) + 3*y(r). Determine t(-7).
83
Let p(w) = -5*w**2 + 2*w + 1. Suppose 0 = 16*s - 15*s - 9*s - 16. Give p(s).
-23
Let z(i) = 2*i - 8. Let v be (-4)/(-28) + (0 - 20/(-7)). Let y be z(v). Let q(c) = 0*c + 6 - 3 + 2*c - c**2. Determine q(y).
-5
Let a = -16 - -12. Let k = 8 + a. Let f(g) = -47*g - 4 + 14*g + 35*g. Calculate f(k).
4
Suppose -2*r = r + 4*o + 286, 5*o + 179 = -2*r. Let p be (r/(-8) - 93/124) + -1. Let b(v) = v**3 - 9*v**2 - 23*v + 12. What is b(p)?
1
Let q(h) = -h**2 - 11*h - 11. Let b be q(-9). Suppose -8*f - b*f - 135 = 0. Let a(p) = -15*p**2 + 1 - 9 - p**3 - 10*p + 5*p**2. Give a(f).
1
Let i(h) = -2*h + 9. Let r be i(2). Let d be 2/4*(-9 + r). Let p(l) = l + 2*l**2 - 2 + 1 - 1 + 1. Give p(d).
5
Let a(y) = y**2 + 124*y - 1790. Let z be a(13). Let r(b) = 10*b + 15. Calculate r(z).
-75
Suppose 2*t + 10 = 4*t. Suppose 0 = -2*z - 5*l + 35, 2*z - t = l - 0*l. Let r(w) = 0*w**2 - 3*w**2 - w**2 + 3*w**2 - 2*w - z. Calculate r(-4).
-13
Let q be -12*((-33)/4 + 8 - (-2)/(-24)). Let o(k) = -k**3 + 4*k**2 - k - 9. What is o(q)?
-13
Let r(t) be the second derivative of -t**4/12 + 7*t**3/6 - 7*t**2/2 + 6*t. Suppose 0 = -2*n - 3*m - 2*m - 46, -5*n + 2*m = 57. Let z = 19 + n. Determine r(z).
-1
Suppose 3*g - 23 + 5 = -3*w, 5*w = -3*g + 18. Let b(m) = g*m - 197 + 100 + 116. What is b(-6)?
-17
Let o = 6547 - 6542. Let t(r) = -r**2 - 5*r + 36. Determine t(o).
-14
Let n(m) = 2*m**3 + 35*m**2 + 18*m + 25. Let w be n(-17). Let k(s) be the first derivative of 1/4*s**4 - 8/3*s**3 + 3*s - 1/2*s**2 + 6. What is k(w)?
-5
Let d(v) = 14*v**3 + 142*v**2 + 19*v - 12. Let j be d(-10). Let u(w) = -5*w - 7. What is u(j)?
3
Suppose 28*q = 30*q - 5*r + 37, -5*q - 10 = 4*r. Let w be ((-9)/q + -1)*-8. Let y(v) = -v**3 - 6*v**2 - 3*v - 5. What is y(w)?
-25
Let l be (0 + (-10)/(-15) - 1)*-6. Suppose -5*b = -l + 27. Let x(t) = 4*t + 3. Determine x(b).
-17
Let n(b) = -b**2 - 3. Let a = -150 - -88. Let t = a + 46. Let g(k) = -k**2 - 16*k. Let c be g(t). Give n(c).
-3
Let d(v) be the second derivative of -v**4/6 + v**3/3 + 7*v**2/2 + 1341*v. Give d(3).
-5
Suppose 161*d = 214*d - 689. Let a(s) = 2*s**2 - 31*s + 1. What is a(d)?
-64
Suppose 6*p - 3 = 15. Suppose n = -p*n + 20. Let q(a) = -6*a - 2. Let h(v) = 5*v + 3. Let g(d) = -3*h(d) - 2*q(d). What is g(n)?
-20
Let q(c) = -c - 4. Let v(a) = a**2 - 15*a + 15. Let x be v(14). Let n be (-5 - (0 - -2))*x. What is q(n)?
3
Let u(j) = j**2 + 61*j + 853. Let q be u(-38). Let z(f) = -4*f - 36. Calculate z(q).
48
Let u(v) = 2*v**2 - 12*v + 2. Let a be (-18*8/(-84))/(4/((-224)/(-12))). What is u(a)?
34
Let x(y) = -6*y - 1. Suppose 0 = 34*k - 35*k + 156. Suppose k = 12*o - 0. Suppose -t + 12 = o. Determine x(t).
5
Let z(i) = -2*i**2 - 21*i - 9. Let p be z(-10). Let d(r) = -2 - 12*r + 2*r + p - r**2 + 9*r. Determine d(-1).
-1
Let p(i) = i**2 - 17*i + 9. Let v be p(16). Let n(o) = o - 4*o + 8 - 10*o**2 - 1 - o. Let f(s) = -7*s**2 - 3*s + 5. Let g(b) = v*f(b) + 5*n(b). What is g(0)?
0
Let q(g) = g**2 - 9*g - 6. Let t = -993 + 1090. Let n be (3 - 7)*22*-1. Let c = t - n. Give q(c).
-6
Let v(j) be the first derivative of j**3/3 + 11*j**2/2 + 6*j + 9. Let b = -175 + 164. Give v(b).
6
Let i(x) = -x**3 + 5*x**2 - 5*x + 10.